 prime factors of 941?
941
What are the prime factors of 370?
2, 5, 37
What are the prime factors of 10802?
2, 11, 491
What are the prime factors of 5875?
5, 47
List the prime factors of 79089.
3, 41, 643
List the prime factors of 5637.
3, 1879
List the prime factors of 8226.
2, 3, 457
What are the prime factors of 1071?
3, 7, 17
List the prime factors of 429.
3, 11, 13
List the prime factors of 24505.
5, 13, 29
List the prime factors of 20779.
11, 1889
List the prime factors of 571.
571
What are the prime factors of 45588?
2, 3, 29, 131
What are the prime factors of 636?
2, 3, 53
List the prime factors of 61287.
3, 31, 659
What are the prime factors of 31697?
29, 1093
What are the prime factors of 1508?
2, 13, 29
List the prime factors of 1373.
1373
List the prime factors of 9082.
2, 19, 239
What are the prime factors of 4033?
37, 109
List the prime factors of 13074.
2, 3, 2179
What are the prime factors of 61742?
2, 30871
What are the prime factors of 709?
709
List the prime factors of 496.
2, 31
What are the prime factors of 56435?
5, 11287
What are the prime factors of 1989?
3, 13, 17
What are the prime factors of 4481?
4481
List the prime factors of 3011.
3011
List the prime factors of 87060.
2, 3, 5, 1451
List the prime factors of 4638.
2, 3, 773
What are the prime factors of 29?
29
What are the prime factors of 18271?
11, 151
List the prime factors of 22429.
11, 2039
List the prime factors of 1976.
2, 13, 19
What are the prime factors of 19945?
5, 3989
List the prime factors of 1079.
13, 83
List the prime factors of 1005.
3, 5, 67
What are the prime factors of 2216?
2, 277
What are the prime factors of 32199?
3, 10733
What are the prime factors of 129444?
2, 3, 7, 23, 67
List the prime factors of 6787.
11, 617
What are the prime factors of 8828?
2, 2207
What are the prime factors of 701?
701
List the prime factors of 2208.
2, 3, 23
List the prime factors of 784.
2, 7
What are the prime factors of 1130?
2, 5, 113
What are the prime factors of 1001?
7, 11, 13
What are the prime factors of 24574?
2, 11, 1117
What are the prime factors of 28053?
3, 1039
What are the prime factors of 3022?
2, 1511
List the prime factors of 559.
13, 43
List the prime factors of 1113.
3, 7, 53
List the prime factors of 77536.
2, 2423
List the prime factors of 1025.
5, 41
What are the prime factors of 3679?
13, 283
List the prime factors of 1369.
37
What are the prime factors of 6074?
2, 3037
What are the prime factors of 57635?
5, 11527
What are the prime factors of 3716?
2, 929
List the prime factors of 68691.
3, 7, 3271
What are the prime factors of 4129?
4129
What are the prime factors of 2577?
3, 859
What are the prime factors of 57372?
2, 3, 7, 683
What are the prime factors of 72257?
19, 3803
What are the prime factors of 544?
2, 17
What are the prime factors of 660?
2, 3, 5, 11
What are the prime factors of 7391?
19, 389
List the prime factors of 324.
2, 3
What are the prime factors of 43833?
3, 19, 769
List the prime factors of 21801.
3, 13, 43
List the prime factors of 1677.
3, 13, 43
What are the prime factors of 138?
2, 3, 23
List the prime factors of 550.
2, 5, 11
List the prime factors of 164897.
269, 613
What are the prime factors of 60898?
2, 30449
What are the prime factors of 1860?
2, 3, 5, 31
What are the prime factors of 84?
2, 3, 7
What are the prime factors of 40399?
71, 569
List the prime factors of 128213.
128213
List the prime factors of 17818.
2, 59, 151
What are the prime factors of 2455?
5, 491
What are the prime factors of 11589?
3, 3863
What are the prime factors of 3463?
3463
List the prime factors of 9011.
9011
List the prime factors of 3324.
2, 3, 277
What are the prime factors of 148416?
2, 3, 773
What are the prime factors of 4082?
2, 13, 157
List the prime factors of 17039.
11, 1549
List the prime factors of 32113.
17, 1889
What are the prime factors of 105033?
3, 157, 223
List the prime factors of 2531.
2531
What are the prime factors of 20290?
2, 5, 2029
List the prime factors of 2157.
3, 719
List the prime factors of 1397.
11, 127
What are the prime factors of 1556?
2, 389
What are the prime factors of 79545?
3, 5, 5303
What are the prime factors of 47165?
5, 9433
List the prime factors of 266.
2, 7, 19
What are the prime factors of 2320?
2, 5, 29
What are the prime factors of 972?
2, 3
What are the prime factors of 619?
619
List the prime factors of 26084.
2, 6521
What are the prime factors of 2156?
2, 7, 11
What are the prime factors of 250?
2, 5
List the prime factors of 20018.
2, 10009
List the prime factors of 2742.
2, 3, 457
List the prime factors of 3095.
5, 619
List the prime factors of 1455.
3, 5, 97
List the prime factors of 16099.
17, 947
List the prime factors of 1000.
2, 5
List the prime factors of 3117.
3, 1039
What are the prime factors of 2643?
3, 881
List the prime factors of 647.
647
List the prime factors of 49180.
2, 5, 2459
What are the prime factors of 4242?
2, 3, 7, 101
What are the prime factors of 78399?
3, 31, 281
What are the prime factors of 21921?
3, 7307
What are the prime factors of 468?
2, 3, 13
What are the prime factors of 2897?
2897
What are the prime factors of 4689?
3, 521
List the prime factors of 6074.
2, 3037
List the prime factors of 109.
109
List the prime factors of 49599.
3, 11, 167
What are the prime factors of 1411?
17, 83
List the prime factors of 3340.
2, 5, 167
List the prime factors of 4689.
3, 521
What are the prime factors of 12411?
3, 7, 197
What are the prime factors of 15825?
3, 5, 211
What are the prime factors of 12562?
2, 11, 571
List the prime factors of 2303.
7, 47
List the prime factors of 1635.
3, 5, 109
What are the prime factors of 9126?
2, 3, 13
What are the prime factors of 9157?
9157
What are the prime factors of 3361?
3361
List the prime factors of 10693.
17, 37
List the prime factors of 26658.
2, 3, 1481
What are the prime factors of 363?
3, 11
What are the prime factors of 1477?
7, 211
List the prime factors of 136368.
2, 3, 947
List the prime factors of 1306.
2, 653
What are the prime factors of 10752?
2, 3, 7
List the prime factors of 3656.
2, 457
List the prime factors of 58783.
29, 2027
List the prime factors of 1462.
2, 17, 43
List the prime factors of 7465.
5, 1493
List the prime factors of 11937.
3, 23, 173
What are the prime factors of 23260?
2, 5, 1163
List the prime factors of 11539.
11, 1049
List the prime factors of 125807.
11, 11437
List the prime factors of 39060.
2, 3, 5, 7, 31
What are the prime factors of 48313?
48313
List the prime factors of 5504.
2, 43
What are the prime factors of 1781?
13, 137
What are the prime factors of 27908?
2, 6977
List the prime factors of 1535.
5, 307
List the prime factors of 5906.
2, 2953
What are the prime factors of 95535?
3, 5, 11, 193
List the prime factors of 10968.
2, 3, 457
What are the prime factors of 16694?
2, 17, 491
What are the prime factors of 25104?
2, 3, 523
List the prime factors of 8350.
2, 5, 167
List the prime factors of 4592.
2, 7, 41
What are the prime factors of 43329?
3, 11, 13, 101
What are the prime factors of 65025?
3, 5, 17
What are the prime factors of 955?
5, 191
What are the prime factors of 7198?
2, 59, 61
List the prime factors of 18422.
2, 61, 151
List the prime factors of 14389.
14389
What are the prime factors of 2284?
2, 571
What are the prime factors of 735?
3, 5, 7
List the prime factors of 101854.
2, 127, 401
What are the prime factors of 4187?
53, 79
What are the prime factors of 43133?
43133
What are the prime factors of 71634?
2, 3, 11939
List the prime factors of 1063.
1063
What are the prime factors of 1630?
2, 5, 163
What are the prime factors of 1962?
2, 3, 109
What are the prime factors of 115?
5, 23
List the prime factors of 725.
5, 29
What are the prime factors of 1037?
17, 61
List the prime factors of 4653.
3, 11, 47
What are the prime factors of 17167?
17167
What are the prime factors of 8377?
8377
What are the prime factors of 2455?
5, 491
What are the prime factors of 565?
5, 113
What are the prime factors of 570?
2, 3, 5, 19
What are the prime factors of 1245?
3, 5, 83
What are the prime factors of 6552?
2, 3, 7, 13
List the prime factors of 1472.
2, 23
What are the prime factors of 313?
313
List the prime factors of 4374.
2, 3
List the prime fact